{"id":10,"date":"2014-11-18T15:16:52","date_gmt":"2014-11-18T15:16:52","guid":{"rendered":"http:\/\/cabas-bio.fr\/?page_id=10"},"modified":"2026-01-12T18:52:00","modified_gmt":"2026-01-12T17:52:00","slug":"panier-hebdomadaire","status":"publish","type":"page","link":"https:\/\/cabas-bio.fr\/?page_id=10","title":{"rendered":"Le panier hebdomadaire"},"content":{"rendered":"\n<h2 class=\"wp-block-heading\">\u0081&nbsp; Fonctionnement du panier bio de<\/h2>\n\n\n\n<h2 class=\"wp-block-heading\">\u00ab&nbsp;Go\u00fbts et Saveurs&nbsp;\u00bb<\/h2>\n\n\n\n<p>(<strong><em>Fournisseur de fruits et l\u00e9gumes bio, essentiellement produits dans la r\u00e9gion, et labellis\u00e9s AB<\/em><\/strong>)<\/p>\n\n\n\n<p>Livraison tous les <strong>mercredis de 11 h \u00e0 13h<\/strong>, sur le <em>parking de \u00abCarrefour Market\u00bb<\/em> face \u00e0 la gare du Creusot, \u00e0 l\u2019ext\u00e9rieur ou \u00e0 l\u2019abri si besoin.<\/p>\n\n\n\n<p>Vous avez le choix entre le panier de l\u00e9gumes seuls \u00e0 <strong>14,50 \u20ac<\/strong> et le panier l\u00e9gumes + fruits \u00e0 <strong>19,50 \u20ac<\/strong>.<\/p>\n\n\n\n<p><strong><u>Minimum accept\u00e9<\/u><\/strong> : mois de&nbsp;4 semaines = 2 paniers \/ mois de 5 semaines = 3 paniers<\/p>\n\n\n\n<p>L\u2019engagement des adh\u00e9rents pour les paniers est de 6 mois:<\/p>\n\n\n\n<ul>\n<li>une p\u00e9riode de <strong>d\u00e9but mai \u00e0 fin octobre <\/strong>(pas de panier en aout, cong\u00e9s de Go\u00fbts et Saveurs)<\/li>\n\n\n\n<li>une p\u00e9riode de <strong>d\u00e9but novembre \u00e0 fin avril<\/strong>.<\/li>\n<\/ul>\n\n\n\n<p>Au moment de l\u2019inscription aux paniers, en d\u00e9but de p\u00e9riode, apporter tous les ch\u00e8ques pour la p\u00e9riode (<em>un ch\u00e8que pour chaque mois)<\/em>, \u00e0 l\u2019ordre de<em> Go\u00fbts et Saveurs.<\/em> Chaque ch\u00e8que sera encaiss\u00e9 au d\u00e9but du mois correspondant.<\/p>\n\n\n\n<p>Le montant du ch\u00e8que est fonction du nombre de mercredis dans le mois (4 ou 5) et de vos absences.<\/p>\n\n\n\n<p><u>Au dos de chaque ch\u00e8que, inscrire le mois concern\u00e9 et <\/u><strong><u>les dates d\u2019absence<\/u><\/strong> <u>\u00e9ventuelles<\/u>.<\/p>\n\n\n\n<p>Il est possible de s\u2019inscrire en cours de p\u00e9riode.<\/p>\n\n\n\n<p>En compl\u00e9ment et <strong>seulement pour les personnes qui r\u00e9servent des paniers ou qui passent commande par t\u00e9l\u00e9phone<\/strong> <em>(au plus tard le lundi)<\/em>, Fran\u00e7oise propose un banc de fruits et l\u00e9gumes au d\u00e9tail.<\/p>\n\n\n\n<p>T\u00e9l&nbsp;: Go\u00fbts et Saveurs (Fran\u00e7oise Da Silva) : 06 83 77 38 26.<\/p>\n\n\n\n<p><strong>&nbsp;L\u2019inscription au panier implique d\u2019\u00eatre adh\u00e9rent \u00e0 l\u2019association du Cabas Bio (10\u20ac \/ an). <\/strong><\/p>\n\n\n\n<p><strong>&nbsp;L\u2019adh\u00e9sion est renouvel\u00e9e chaque d\u00e9but d\u2019ann\u00e9e civile (en janvier).<\/strong><\/p>\n\n\n\n<p class=\"has-text-color has-link-color wp-elements-08525c50b576507baf90d059837e8245\" style=\"color:#109061\"><a href=\"http:\/\/cabas-bio.fr\/wp-content\/uploads\/2026\/01\/Adhesion-2026.pdf\" target=\"_blank\" rel=\"noreferrer noopener\">Vous pouvez t\u00e9l\u00e9charger ici votre bulletin d\u2019adh\u00e9sion 2026<\/a><\/p>\n\n\n\n<p>Nous vous invitons \u00e0 nous communiquer <strong>vos coordonn\u00e9es internet <\/strong>en remplissant votre bon d&rsquo;adh\u00e9sion si vous d\u00e9sirez \u00eatre avertis des livraisons d\u2019autres produits, et \u00e0 donner votre <strong>num\u00e9ro de t\u00e9l\u00e9phone <\/strong>\u00e0 go\u00fbts et saveurs pour le cas d&rsquo;oublis toujours possibles.<\/p>\n","protected":false},"excerpt":{"rendered":"<p>\u0081&nbsp; Fonctionnement du panier bio de \u00ab&nbsp;Go\u00fbts et Saveurs&nbsp;\u00bb (Fournisseur de fruits et l\u00e9gumes bio, essentiellement produits dans la r\u00e9gion, et labellis\u00e9s AB) Livraison tous les mercredis de 11 h \u00e0 13h, sur le parking de \u00abCarrefour Market\u00bb face \u00e0&hellip;<\/p>\n<p class=\"more-link-p\"><a class=\"more-link\" href=\"https:\/\/cabas-bio.fr\/?page_id=10\">Read more &rarr;<\/a><\/p>\n","protected":false},"author":1,"featured_media":0,"parent":8,"menu_order":1,"comment_status":"open","ping_status":"open","template":"","meta":{"footnotes":""},"_links":{"self":[{"href":"https:\/\/cabas-bio.fr\/index.php?rest_route=\/wp\/v2\/pages\/10"}],"collection":[{"href":"https:\/\/cabas-bio.fr\/index.php?rest_route=\/wp\/v2\/pages"}],"about":[{"href":"https:\/\/cabas-bio.fr\/index.php?rest_route=\/wp\/v2\/types\/page"}],"author":[{"embeddable":true,"href":"https:\/\/cabas-bio.fr\/index.php?rest_route=\/wp\/v2\/users\/1"}],"replies":[{"embeddable":true,"href":"https:\/\/cabas-bio.fr\/index.php?rest_route=%2Fwp%2Fv2%2Fcomments&post=10"}],"version-history":[{"count":37,"href":"https:\/\/cabas-bio.fr\/index.php?rest_route=\/wp\/v2\/pages\/10\/revisions"}],"predecessor-version":[{"id":2159,"href":"https:\/\/cabas-bio.fr\/index.php?rest_route=\/wp\/v2\/pages\/10\/revisions\/2159"}],"up":[{"embeddable":true,"href":"https:\/\/cabas-bio.fr\/index.php?rest_route=\/wp\/v2\/pages\/8"}],"wp:attachment":[{"href":"https:\/\/cabas-bio.fr\/index.php?rest_route=%2Fwp%2Fv2%2Fmedia&parent=10"}],"curies":[{"name":"wp","href":"https:\/\/api.w.org\/{rel}","templated":true}]}}